{"id":25,"date":"2023-10-21T21:56:59","date_gmt":"2023-10-21T21:56:59","guid":{"rendered":"https:\/\/szigker.etmdesign.com\/?page_id=25"},"modified":"2024-04-26T20:46:03","modified_gmt":"2024-04-26T20:46:03","slug":"home","status":"publish","type":"page","link":"https:\/\/szigker.etmdesign.com\/","title":{"rendered":"home"},"content":{"rendered":"\t\t<div data-elementor-type=\"wp-page\" data-elementor-id=\"25\" class=\"elementor elementor-25\" data-elementor-post-type=\"page\">\n\t\t\t\t\t\t\t\t\t<section class=\"elementor-section elementor-top-section elementor-element elementor-element-775733b0 elementor-section-height-min-height elementor-section-boxed elementor-section-height-default elementor-section-items-middle\" data-id=\"775733b0\" data-element_type=\"section\" id=\"hide-header\">\n\t\t\t\t\t\t<div class=\"elementor-container elementor-column-gap-default\">\n\t\t\t\t\t<div class=\"elementor-column elementor-col-50 elementor-top-column elementor-element elementor-element-1aa09ed0\" data-id=\"1aa09ed0\" data-element_type=\"column\">\n\t\t\t<div class=\"elementor-widget-wrap elementor-element-populated\">\n\t\t\t\t\t\t\t\t<div class=\"elementor-element elementor-element-3925a1d6 elementor-widget elementor-widget-image\" data-id=\"3925a1d6\" data-element_type=\"widget\" data-widget_type=\"image.default\">\n\t\t\t\t<div class=\"elementor-widget-container\">\n\t\t\t<style>\/*! elementor - v3.15.0 - 09-08-2023 *\/\n.elementor-widget-image{text-align:center}.elementor-widget-image a{display:inline-block}.elementor-widget-image a img[src$=\".svg\"]{width:48px}.elementor-widget-image img{vertical-align:middle;display:inline-block}<\/style>\t\t\t\t\t\t\t\t\t\t\t\t\t<a href=\"https:\/\/szigker.etmdesign.com\">\n\t\t\t\t\t\t\t<img decoding=\"async\" src=\"https:\/\/szigker.etmdesign.com\/wp-content\/uploads\/2023\/10\/szegker-logo-3.png\" title=\"szegker logo 3\" alt=\"szegker logo 3\" loading=\"lazy\" \/>\t\t\t\t\t\t\t\t<\/a>\n\t\t\t\t\t\t\t\t\t\t\t\t\t\t\t<\/div>\n\t\t\t\t<\/div>\n\t\t\t\t\t<\/div>\n\t\t<\/div>\n\t\t\t\t<div class=\"elementor-column elementor-col-50 elementor-top-column elementor-element elementor-element-d98114c\" data-id=\"d98114c\" data-element_type=\"column\">\n\t\t\t<div class=\"elementor-widget-wrap elementor-element-populated\">\n\t\t\t\t\t\t\t\t<div class=\"elementor-element elementor-element-1198643 elementor-nav-menu--dropdown-tablet elementor-nav-menu__text-align-aside elementor-nav-menu--toggle elementor-nav-menu--burger elementor-widget elementor-widget-nav-menu\" data-id=\"1198643\" data-element_type=\"widget\" data-settings=\"{&quot;layout&quot;:&quot;horizontal&quot;,&quot;submenu_icon&quot;:{&quot;value&quot;:&quot;&lt;i class=\\&quot;fas fa-caret-down\\&quot;&gt;&lt;\\\/i&gt;&quot;,&quot;library&quot;:&quot;fa-solid&quot;},&quot;toggle&quot;:&quot;burger&quot;}\" data-widget_type=\"nav-menu.default\">\n\t\t\t\t<div class=\"elementor-widget-container\">\n\t\t\t<link rel=\"stylesheet\" href=\"https:\/\/szigker.etmdesign.com\/wp-content\/plugins\/elementor-pro\/assets\/css\/widget-nav-menu.min.css\">\t\t\t<nav class=\"elementor-nav-menu--main elementor-nav-menu__container elementor-nav-menu--layout-horizontal e--pointer-underline e--animation-fade\">\n\t\t\t\t<ul id=\"menu-1-1198643\" class=\"elementor-nav-menu\"><li class=\"menu-item menu-item-type-custom menu-item-object-custom menu-item-367\"><a href=\"#fooldal\" class=\"elementor-item elementor-item-anchor\">F\u0151oldal<\/a><\/li>\n<li class=\"menu-item menu-item-type-post_type menu-item-object-page menu-item-649\"><a href=\"https:\/\/szigker.etmdesign.com\/index.php\/asztal\/\" class=\"elementor-item\">Asztal<\/a><\/li>\n<li class=\"menu-item menu-item-type-post_type menu-item-object-page menu-item-650\"><a href=\"https:\/\/szigker.etmdesign.com\/index.php\/szonyeg\/\" class=\"elementor-item\">Sz\u0151nyeg<\/a><\/li>\n<li class=\"menu-item menu-item-type-post_type menu-item-object-page menu-item-651\"><a href=\"https:\/\/szigker.etmdesign.com\/index.php\/szek\/\" class=\"elementor-item\">Sz\u00e9k<\/a><\/li>\n<\/ul>\t\t\t<\/nav>\n\t\t\t\t\t<div class=\"elementor-menu-toggle\" role=\"button\" tabindex=\"0\" aria-label=\"Menu Toggle\" aria-expanded=\"false\">\n\t\t\t<i aria-hidden=\"true\" role=\"presentation\" class=\"elementor-menu-toggle__icon--open eicon-menu-bar\"><\/i><i aria-hidden=\"true\" role=\"presentation\" class=\"elementor-menu-toggle__icon--close eicon-close\"><\/i>\t\t\t<span class=\"elementor-screen-only\">Menu<\/span>\n\t\t<\/div>\n\t\t\t\t\t<nav class=\"elementor-nav-menu--dropdown elementor-nav-menu__container\" aria-hidden=\"true\">\n\t\t\t\t<ul id=\"menu-2-1198643\" class=\"elementor-nav-menu\"><li class=\"menu-item menu-item-type-custom menu-item-object-custom menu-item-367\"><a href=\"#fooldal\" class=\"elementor-item elementor-item-anchor\" tabindex=\"-1\">F\u0151oldal<\/a><\/li>\n<li class=\"menu-item menu-item-type-post_type menu-item-object-page menu-item-649\"><a href=\"https:\/\/szigker.etmdesign.com\/index.php\/asztal\/\" class=\"elementor-item\" tabindex=\"-1\">Asztal<\/a><\/li>\n<li class=\"menu-item menu-item-type-post_type menu-item-object-page menu-item-650\"><a href=\"https:\/\/szigker.etmdesign.com\/index.php\/szonyeg\/\" class=\"elementor-item\" tabindex=\"-1\">Sz\u0151nyeg<\/a><\/li>\n<li class=\"menu-item menu-item-type-post_type menu-item-object-page menu-item-651\"><a href=\"https:\/\/szigker.etmdesign.com\/index.php\/szek\/\" class=\"elementor-item\" tabindex=\"-1\">Sz\u00e9k<\/a><\/li>\n<\/ul>\t\t\t<\/nav>\n\t\t\t\t<\/div>\n\t\t\t\t<\/div>\n\t\t\t\t\t<\/div>\n\t\t<\/div>\n\t\t\t\t\t\t\t<\/div>\n\t\t<\/section>\n\t\t\t\t<section class=\"elementor-section elementor-top-section elementor-element elementor-element-a0cb354 elementor-section-boxed elementor-section-height-default elementor-section-height-default\" data-id=\"a0cb354\" data-element_type=\"section\">\n\t\t\t\t\t\t<div class=\"elementor-container elementor-column-gap-default\">\n\t\t\t\t\t<div class=\"elementor-column elementor-col-100 elementor-top-column elementor-element elementor-element-b960aa1\" data-id=\"b960aa1\" data-element_type=\"column\">\n\t\t\t<div class=\"elementor-widget-wrap elementor-element-populated\">\n\t\t\t\t\t\t\t\t<div class=\"elementor-element elementor-element-729d4f7 elementor-widget elementor-widget-heading\" data-id=\"729d4f7\" data-element_type=\"widget\" data-widget_type=\"heading.default\">\n\t\t\t\t<div class=\"elementor-widget-container\">\n\t\t\t<style>\/*! elementor - v3.15.0 - 09-08-2023 *\/\n.elementor-heading-title{padding:0;margin:0;line-height:1}.elementor-widget-heading .elementor-heading-title[class*=elementor-size-]>a{color:inherit;font-size:inherit;line-height:inherit}.elementor-widget-heading .elementor-heading-title.elementor-size-small{font-size:15px}.elementor-widget-heading .elementor-heading-title.elementor-size-medium{font-size:19px}.elementor-widget-heading .elementor-heading-title.elementor-size-large{font-size:29px}.elementor-widget-heading .elementor-heading-title.elementor-size-xl{font-size:39px}.elementor-widget-heading .elementor-heading-title.elementor-size-xxl{font-size:59px}<\/style><h2 class=\"elementor-heading-title elementor-size-default\">\u00dcdv\u00f6z\u00f6lj\u00fck!<\/h2>\t\t<\/div>\n\t\t\t\t<\/div>\n\t\t\t\t<div class=\"elementor-element elementor-element-f8b413a elementor-widget elementor-widget-text-editor\" data-id=\"f8b413a\" data-element_type=\"widget\" data-widget_type=\"text-editor.default\">\n\t\t\t\t<div class=\"elementor-widget-container\">\n\t\t\t<style>\/*! elementor - v3.15.0 - 09-08-2023 *\/\n.elementor-widget-text-editor.elementor-drop-cap-view-stacked .elementor-drop-cap{background-color:#69727d;color:#fff}.elementor-widget-text-editor.elementor-drop-cap-view-framed .elementor-drop-cap{color:#69727d;border:3px solid;background-color:transparent}.elementor-widget-text-editor:not(.elementor-drop-cap-view-default) .elementor-drop-cap{margin-top:8px}.elementor-widget-text-editor:not(.elementor-drop-cap-view-default) .elementor-drop-cap-letter{width:1em;height:1em}.elementor-widget-text-editor .elementor-drop-cap{float:left;text-align:center;line-height:1;font-size:50px}.elementor-widget-text-editor .elementor-drop-cap-letter{display:inline-block}<\/style>\t\t\t\t<p>Fedezze fel sz\u00e9les v\u00e1laszt\u00e9kunkat, amely mag\u00e1ban foglalja a leg\u00fajabb trendeket k\u00f6vet\u0151 sz\u00e9keket, eleg\u00e1ns \u00e9s k\u00e9nyelmes sz\u0151nyegeket, valamint k\u00fcl\u00f6nf\u00e9le st\u00edlus\u00fa asztalokat otthona minden helyis\u00e9g\u00e9hez. Mindegyik term\u00e9k\u00fcnket gondosan v\u00e1logatjuk, hogy biztos\u00edtsuk az \u00d6n el\u00e9gedetts\u00e9g\u00e9t, legyen sz\u00f3 modern diz\u00e1jnr\u00f3l vagy klasszikus eleganci\u00e1r\u00f3l. K\u00edn\u00e1latunkban megtal\u00e1lhat\u00f3ak a minimalista st\u00edlus\u00fa darabokt\u00f3l kezdve a b\u00e1jos, rusztikus megjelen\u00e9s\u0171 term\u00e9kekig mindent, amire otthona vagy irod\u00e1ja d\u00edsz\u00edt\u00e9s\u00e9hez sz\u00fcks\u00e9ge lehet. L\u00e1togasson el hozz\u00e1nk, \u00e9s hozza el otthon\u00e1ba a st\u00edlust \u00e9s k\u00e9nyelmet!<\/p>\t\t\t\t\t\t<\/div>\n\t\t\t\t<\/div>\n\t\t\t\t\t<\/div>\n\t\t<\/div>\n\t\t\t\t\t\t\t<\/div>\n\t\t<\/section>\n\t\t\t\t\t\t\t<\/div>\n\t\t","protected":false},"excerpt":{"rendered":"<p>\u00dcdv\u00f6z\u00f6lj\u00fck! Fedezze fel sz\u00e9les v\u00e1laszt\u00e9kunkat, amely mag\u00e1ban foglalja a leg\u00fajabb trendeket k\u00f6vet\u0151 sz\u00e9keket, eleg\u00e1ns \u00e9s k\u00e9nyelmes sz\u0151nyegeket, valamint k\u00fcl\u00f6nf\u00e9le st\u00edlus\u00fa asztalokat otthona minden helyis\u00e9g\u00e9hez. Mindegyik term\u00e9k\u00fcnket gondosan v\u00e1logatjuk, hogy biztos\u00edtsuk az \u00d6n el\u00e9gedetts\u00e9g\u00e9t, legyen sz\u00f3 modern diz\u00e1jnr\u00f3l vagy klasszikus eleganci\u00e1r\u00f3l. K\u00edn\u00e1latunkban megtal\u00e1lhat\u00f3ak a minimalista st\u00edlus\u00fa darabokt\u00f3l kezdve a b\u00e1jos, rusztikus megjelen\u00e9s\u0171 term\u00e9kekig mindent, amire otthona&hellip; <a class=\"more-link\" href=\"https:\/\/szigker.etmdesign.com\/\">Continue reading <span class=\"screen-reader-text\">home<\/span><\/a><\/p>\n","protected":false},"author":1,"featured_media":0,"parent":0,"menu_order":0,"comment_status":"closed","ping_status":"closed","template":"elementor_canvas","meta":{"footnotes":""},"_links":{"self":[{"href":"https:\/\/szigker.etmdesign.com\/index.php\/wp-json\/wp\/v2\/pages\/25"}],"collection":[{"href":"https:\/\/szigker.etmdesign.com\/index.php\/wp-json\/wp\/v2\/pages"}],"about":[{"href":"https:\/\/szigker.etmdesign.com\/index.php\/wp-json\/wp\/v2\/types\/page"}],"author":[{"embeddable":true,"href":"https:\/\/szigker.etmdesign.com\/index.php\/wp-json\/wp\/v2\/users\/1"}],"replies":[{"embeddable":true,"href":"https:\/\/szigker.etmdesign.com\/index.php\/wp-json\/wp\/v2\/comments?post=25"}],"version-history":[{"count":430,"href":"https:\/\/szigker.etmdesign.com\/index.php\/wp-json\/wp\/v2\/pages\/25\/revisions"}],"predecessor-version":[{"id":655,"href":"https:\/\/szigker.etmdesign.com\/index.php\/wp-json\/wp\/v2\/pages\/25\/revisions\/655"}],"wp:attachment":[{"href":"https:\/\/szigker.etmdesign.com\/index.php\/wp-json\/wp\/v2\/media?parent=25"}],"curies":[{"name":"wp","href":"https:\/\/api.w.org\/{rel}","templated":true}]}}